 be -2*((-2 - 3/6) + v). What are the prime factors of (775/15)/(-2*g/(-6))?
5, 31
Let c = 37 - -16. Suppose -g + c = -92. Let x = g + 49. List the prime factors of x.
2, 97
List the prime factors of ((-1)/3)/((-11)/(-63239))*-9.
3, 5749
Let y be ((-48)/36)/((-1)/3). Suppose 2*v + 0*t + 12 = -y*t, 35 = 5*v - 3*t. Suppose 4*x - 188 = -4*c + 5*x, v*c - 176 = 4*x. List the prime factors of c.
2, 3
Suppose k = -6*y + 2*y - 2968, -4*y - 2976 = -k. What are the prime factors of (0 + -1)*(y + 2)?
3, 13, 19
Suppose -3*m - 4 = 2*h - 11, -5*h + 5*m = -5. Suppose -v - 138 - 505 = -h*y, -y + 3*v = -309. List the prime factors of y.
2, 3
Let o = -138 - -340. Suppose 5*l = -4*b + 7 + 89, 0 = -3*b + 5*l + 72. Suppose -b*k + o = -22*k. List the prime factors of k.
101
Let t(g) = -g**3 + 9*g**2 - 3*g + 9. Let b(i) = -i**3 + 5*i**2 - 2*i + 5. Let u(h) = 11*b(h) - 6*t(h). What are the prime factors of u(-3)?
157
Let b(t) = -14*t - 218. Let h(i) = 6*i + 110. Let w(r) = 3*b(r) + 5*h(r). What are the prime factors of w(-9)?
2
Let b(c) = -1288*c**2 - 8*c. Let z be b(5). List the prime factors of 1/(-3) + (z/30)/(-8).
2, 67
Let z(o) = -o**2 + 15*o - 36. Let d be z(3). Suppose -1188 = -2*s - s + 4*c, -c - 3 = d. List the prime factors of s.
2, 7
Suppose -2*l - d = -11853, 0*d + 5921 = l - 5*d. List the prime factors of l.
2, 2963
Suppose -3*p = -12 - 0. Suppose 39 = 4*y - z - 2*z, -8 = 2*y + p*z. Let s(v) = 32*v - 61. What are the prime factors of s(y)?
131
Suppose 7*i = 6*i + 820. Suppose i = 2*l + 4*h + h, 0 = 2*l + 2*h - 832. Suppose l = -5*p + 10*p. What are the prime factors of p?
2, 3, 7
Let i = 97126 - 55918. List the prime factors of i.
2, 3, 17, 101
Suppose -5 = -9*z - 5. Let i(f) = f**3 - 5 + f - 9*f**2 - 11*f**2 + 11*f**2 + z*f. List the prime factors of i(9).
2
Let s be (12/18)/(2/(-6)). Let w be 0/6 + 90/(-1 - s). Suppose 0 = -2*b + 280 - w. What are the prime factors of b?
5, 19
Suppose -36 = 7*h - 19*h. Let a(u) = 3 - 3*u**2 + u - 2 + 5 + 7*u**2. List the prime factors of a(h).
3, 5
Let x be (2/(-2))/((-1)/(-30)). Let p = -26 - x. List the prime factors of 4*(114/p - -1).
2, 59
Let x be (-12)/42 + (-236)/7. Suppose 0 = q - 5*g - 11, -3*g - 44 = -3*q - q. Let k = q - x. List the prime factors of k.
3, 5
Suppose 376*z = 132*z + 12146076. What are the prime factors of z?
3, 5531
Let o(i) = -i**2 - 3*i + 11. Let a be o(-6). Let r = 7 + a. Let v(g) = g**2 + 41. What are the prime factors of v(r)?
41
Let n be (2/(-4)*9)/((-7)/(-14)). Let t(b) = 9*b - 11. Let k be t(n). Let r = 160 + k. What are the prime factors of r?
2, 17
Suppose -6*z - 1 = -43. Let v(x) = 2*x**3 + 7*x**2 + 3*x - 4. What are the prime factors of v(z)?
2, 523
Let s be (26 - 25)*734/2. Suppose 0 = 5*l - 1103 - s. List the prime factors of l.
2, 3, 7
Suppose 36 = -g + 6*g - 3*x, 5*g + 2*x = 51. Suppose -s + 0*s = -g. Let n(o) = -2*o**3 + 18*o**2 + 6*o + 22. What are the prime factors of n(s)?
2, 19
Let r = -13 - -16. Suppose c + 0*c + 721 = 3*f, -4*f = r*c - 983. List the prime factors of f.
2, 11
Suppose 0 = -3*w + 3*y - 7*y + 83, -78 = -2*w + 3*y. Let z = 123 - w. Suppose d = -3*c + z + 395, -4*c + 3*d = -664. What are the prime factors of c?
163
Let t be -6*39374/(-28) + (-10)/35. Suppose -42*u = -31*u - t. What are the prime factors of u?
13, 59
Suppose -3 = 3*y, -4*d + 2*y + 1381 = y. Let t be d + 0*(2 + 12/(-4)). Let s = t - 203. List the prime factors of s.
2, 71
Let y = 48 - 43. Suppose 2 = -j + y. Suppose j*h + h = 332. List the prime factors of h.
83
Let p(b) = 8*b + 45. Let f be p(-5). Suppose -3*v = 5*k - 5663, 3*v + f*k - 5659 = k. Suppose -v = -8*j - 3*j. List the prime factors of j.
3, 19
Suppose -16*s = 63307 - 199659. What are the prime factors of s?
2, 4261
Let r(y) = -2*y**2 + 8*y - 4. Let l be r(3). Suppose -2*a - 3*a - 5*s - 35 = 0, -22 = 4*a + l*s. What are the prime factors of a - (-2)/((-8)/(-348))?
83
Let u be -4 + 33/11*(-29 + 0). Let d = u - -99. Suppose t + 840 = d*t. List the prime factors of t.
2, 3, 5
Let w(j) = -j**3 - 18*j**2 + 25*j + 21. Let b = -82 - -90. Let r(c) = 2*c**3 + 27*c**2 - 38*c - 31. Let g(t) = b*w(t) + 5*r(t). List the prime factors of g(6).
181
Suppose 2*z = 2*w + 4*z + 24, 4 = 2*z. List the prime factors of (7/w)/((-735)/(-246) + -3).
41
Let x be 1/6 - 33/(-18). Suppose -h = -2*j + 215, x*j - 2*h - 92 - 126 = 0. List the prime factors of j.
2, 53
Suppose 0 = 4*t - 6*t + 2*g + 30, 0 = 3*t + 5*g - 5. Let r be t/14 + -1 + 66/(-14). Let a = r + 41. List the prime factors of a.
2, 3
Let n be -5 + (-3648)/(-8) - 1. Suppose 30*y - 25*y - n = 0. List the prime factors of y.
2, 3, 5
Suppose -3*k - 12 = 0, 2*c + 20 = 4*k - 9*k. Suppose -4*r + 437 = -c*r + 3*h, 4*h - 326 = -3*r. Suppose -f + r = -77. List the prime factors of f.
11, 17
Let g = 4543 + -3827. What are the prime factors of g?
2, 179
Let o(c) = 1562*c**2 + 528*c + 3125. What are the prime factors of o(-6)?
7, 23, 349
Let o(f) be the first derivative of f**5/60 + 5*f**4/24 - 4*f**3/3 - 6*f**2 - 10. Let r(v) be the second derivative of o(v). List the prime factors of r(-11).
2, 29
Let z = -108 - -270. Let m be -26*(-4 - -3) + 3. Let b = z + m. What are the prime factors of b?
191
Suppose -660435 - 1479810 + 251570 = -155*u. List the prime factors of u.
5, 2437
Let i(k) = -4*k**3 + 29*k**2 + 16*k - 48. Let r(p) = -3*p**3 + 28*p**2 + 16*p - 45. Let j(x) = -4*i(x) + 5*r(x). What are the prime factors of j(-20)?
29, 43
Let g(t) = t + 59. Let d = -68 + 94. List the prime factors of g(d).
5, 17
Let i be 8*2/4 - -1. Suppose u - c - 212 = 0, -856 = -i*u - 2*c + 218. Suppose -2*m = -0*m - u. What are the prime factors of m?
107
Suppose -6*h = -4*h + 2. Let c be ((-13)/(-3))/(78/72 + h). Suppose -x + 479 = 4*u, u + 4*x - 64 = c. List the prime factors of u.
2, 3, 5
Suppose -24272 = -2*n - 3105 + 10011. What are the prime factors of n?
7, 17, 131
Let r = 57 + -58. Let s(d) = 60*d. Let n(o) = -2*o + 1. Let z(t) = r*s(t) + 5*n(t). List the prime factors of z(-3).
5, 43
Let q(u) = -u**2 - 6*u + 20. Let a be q(-8). Let r be (254/4 - 2)*a/6. Suppose -r*w + 38*w = -336. What are the prime factors of w?
2, 7
Let g(w) = -w**2 - 6*w - 8. Let q be g(6). Let h(j) = j**3 - 12*j**2 - 192*j - 36. Let r be h(21). Let u = q - r. What are the prime factors of u?
19
Let l(y) = 10*y - 17. Let v be l(2). Suppose 995 = 5*w - v*n, -8*w + 5*n - 631 = -11*w. List the prime factors of w.
2, 101
Suppose 4*z - z - 6 = 0. Suppose 1509 = z*d + d. List the prime factors of d.
503
Suppose 4*y - 1505 = -2*b - b, -4*b = -3*y - 2015. List the prime factors of b.
503
Let o = 59468 - 42373. What are the prime factors of o?
5, 13, 263
Let z(s) = 240*s**2 + 5*s - 5. Let x(y) = -2*y**2 - 18*y - 5. Let p be x(-8). Suppose 4*q + 11 = -5*b, -p = -5*q + b + b. List the prime factors of z(q).
2, 3, 5
Let x(t) be the third derivative of -t**5/24 + 37*t**4/24 + t**3/3 + 14*t**2. Let j(i) be the first derivative of x(i). What are the prime factors of j(-11)?
2, 23
Let x = -17543 + 33276. List the prime factors of x.
15733
Suppose -c - 3*g = -4, -2*c + 28 = c + 5*g. Suppose 0 = c*r - 19071 - 7585. What are the prime factors of r?
2, 7, 17
Suppose 53180 - 9833 = 3*q + 2*y, q - 14450 = -y. List the prime factors of q.
14447
Suppose -3*m = -2*c - 13286, 4*c + 904 + 12384 = 3*m. List the prime factors of m.
2, 3, 41
Suppose -32*i - 9 = -35*i. What are the prime factors of (20/(5 - i))/((-12)/(-66))?
5, 11
Let z = 290 + -155. Suppose m = -4*m + z. Let j = -20 + m. What are the prime factors of j?
7
Suppose -129 - 2181 = -5*o. Suppose -n - 2*n = -o. Suppose 0 = -7*x + 980 - n. List the prime factors of x.
2, 59
Let i(p) = -4*p**3 - p**2 + 64*p + 7. Let d(b) = 3*b**3 + 2*b**2 - 42*b - 6. Let n(z) = -3*d(z) - 2*i(z). Suppose 4*v + 12 = v. List the prime factors of n(v).
2, 3
What are the prime factors of ((-437775)/(-130))/(1/2)?
3, 5, 449
Let a be -1*468/2 - -1. Suppose -4098 = -31*d - 2021 + 8773. Let f = d + a. What are the prime factors of f?
3, 13
Let b(f) = 23*f - 88. Let l be b(6). Suppose 2*n + 14*v - 16*v - l = 0, -3*v = -5*n + 129. What are the prime factors of n?
3
Suppose 23*b - 634487 - 134163 = -2*b. What are the prime factors of b?
2, 15373
Let p(h) = 6*h**2 + 34*h - 38. Let w be p(16). Suppose -4*f + w = 2*v, 3*f - 2057 = -f - 5*v. What ar